 105 and c?
35
Let l = 10 - -42. Suppose 0*g + 6 = g. Suppose -2*m = -3*x + 51 - 8, -g = 3*m. Calculate the greatest common factor of l and x.
13
Let t be 21/12 + 2/8. Let o = t - -2. Suppose 0 = 2*z + o*f + 10, 5*f = -2*z + 7*z - 35. Calculate the highest common divisor of z and 15.
3
Let n = 38 + -23. Suppose 3*x = 5*u + 1557 - 97, 0 = 2*x + 5*u - 940. Suppose x = 7*c - 3*c. Calculate the greatest common divisor of n and c.
15
Let c be 4/14 - 640/(-14). Suppose 0*t = 4*t - 44. Suppose -h = -c + t. What is the highest common factor of h and 7?
7
Let t = 43 - 27. Calculate the highest common factor of 112 and t.
16
Suppose -p = 3 - 7. Let i(l) = -2*l. Let f be i(-8). What is the highest common factor of f and p?
4
Suppose -3*f + 185 = 5*x, -3*f + 2*f = 3*x - 63. What is the greatest common divisor of 24 and f?
12
Let f be (72/(-56))/9 - 29/(-7). What is the highest common factor of 8 and f?
4
Suppose -2*g - 4 = -0, 0 = 5*c + 5*g - 365. Calculate the greatest common divisor of c and 30.
15
Let m(p) = -p**3 + 7*p**2 - 7*p - 3. Let d be m(4). Calculate the highest common factor of d and 17.
17
Let l(x) = -7 - x + 0*x + 3*x. Let h be l(5). What is the greatest common divisor of h and 3?
3
Let f = -119 + 179. Calculate the greatest common divisor of f and 24.
12
Let r = 99 + -64. What is the greatest common factor of 14 and r?
7
Let g be (7 + 1)*(-5)/40*-10. Calculate the greatest common divisor of 100 and g.
10
Let c = -4 - -19. Calculate the highest common factor of 165 and c.
15
Let c be (-8 + 3)*(-360)/25. Let s = -2 - -8. Let m = s + 3. What is the highest common divisor of m and c?
9
Suppose -l - 2*k + 131 = 4*l, 110 = 4*l - k. Let i be (-5 - -4) + l + 1. What is the highest common divisor of 9 and i?
9
Let i be ((-4)/10)/(1/(-20)). Suppose -4*n - 32 = -i*n. Suppose -6*h + 29 = 5. What is the highest common divisor of h and n?
4
Let n = -25 - -45. Let r = -79 + 179. Calculate the highest common divisor of r and n.
20
Let y = -2 + 3. Suppose -y = 3*u - 7. Let i = u - -8. Calculate the greatest common factor of i and 10.
10
Suppose -18*z + 152 = -14*z. Suppose 3*u - u - 190 = 0. What is the highest common factor of z and u?
19
Let t be -5 - (-2 - (-4)/2). Let p be (t/(-3))/(5/225). Calculate the greatest common divisor of 15 and p.
15
Let j(b) = 8*b**3 - 2*b**2 - 7*b + 8. Let d(v) = -v**3 + v**2 + v - 1. Let a(f) = 5*d(f) + j(f). Let l be a(2). Calculate the highest common divisor of l and 7.
7
Let k be (10 - (-9)/(-3)) + -2. Suppose k*v - 91 = 9. What is the highest common factor of 10 and v?
10
Suppose 0 = -4*a + 3 + 29. Suppose -h + a = h. Calculate the greatest common factor of h and 2.
2
Suppose -4 = -5*w + 6. Suppose 0 = d - w*d + 2. Calculate the greatest common factor of d and 8.
2
Suppose -1 + 37 = 6*k. Calculate the greatest common divisor of 4 and k.
2
Let q(i) be the first derivative of -3 + 55*i**3 + 4*i**2 - 13*i**2 + 9*i**2. Let f be q(-1). What is the greatest common divisor of 15 and f?
15
Let b be (6/10)/(8/240). Calculate the greatest common factor of b and 198.
18
Suppose 0 = -2*b - 43 + 373. Let g = -109 + b. Calculate the highest common divisor of g and 7.
7
Let r = -7 + 8. Let o be -1 + 1/(r/6). Suppose 0*d - 12 = 2*l - 4*d, 0 = o*d - 25. What is the highest common factor of 40 and l?
4
Let c(h) = h**3 + h**2 + h + 4. Let f be c(0). Suppose -5*s + p = 2*p + 114, 2*s + 60 = -f*p. Let i = s - -37. Calculate the greatest common divisor of 5 and i.
5
Suppose 0 = 4*j + 4*d - 36, d - 29 = 4*j - 9*j. Suppose -8 = -9*l + j*l. Let z be 0 - 1 - -27 - l. What is the greatest common factor of 12 and z?
12
Suppose -5*f + 5*p + 165 = 0, -5*p = 4*f - p - 100. What is the greatest common factor of 29 and f?
29
Suppose 5*z - 6 = 2*z. Let q(c) = c**3 - 3*c**2 + 2. Let w be q(3). What is the highest common factor of z and w?
2
Suppose 7*z = 2*z + 595. Let q = 25 - 8. Calculate the greatest common factor of q and z.
17
Let n(b) = -5*b + 30. Let g be n(0). Let f = 30 - 15. Calculate the highest common divisor of f and g.
15
Let r(f) = -5*f - 5. Let i be r(-5). Suppose 0 = b - 4 - i. What is the highest common divisor of 36 and b?
12
Let c = 27 - 42. Let n be (c - 1)*(12 + -13). Calculate the greatest common divisor of n and 16.
16
Let a be 6*(5/2 - 2). Suppose -60 = -2*u + a*l - 6*l, 4*u - 164 = 5*l. Calculate the greatest common divisor of 4 and u.
4
Let o(y) = 4*y**2 - 16*y - y**2 + 12 - 2*y**2 + 6*y. Let b be o(10). Calculate the highest common divisor of 8 and b.
4
Suppose 6*r + 7 - 37 = 0. Calculate the greatest common divisor of 45 and r.
5
Suppose -25 = -5*y, -3*y - 25 = -5*j - 7*y. What is the greatest common factor of j and 1?
1
Let m = -8 + 24. Let u be 113 + -2 - (-2)/2. What is the greatest common factor of u and m?
16
Let r be -1*(5 + -4 + -38). Let g = 26 + r. Let m be (-15)/(-2) - 2/4. What is the greatest common divisor of m and g?
7
Suppose y - 47 = 3*l, -5*y - 4*l + 198 = -56. Calculate the highest common divisor of 20 and y.
10
Suppose r + 2 = 50. Let p = -29 + 45. Calculate the highest common divisor of p and r.
16
Let z = -63 - -70. What is the greatest common factor of z and 77?
7
Suppose o - 5*i - 4 = -2*o, -5*o = -i - 14. Suppose 4*x = -3*y + 25, 0 = o*y + 2*y + 25. Calculate the greatest common factor of x and 10.
10
Let o(r) = -r**3 + 23*r**2 - 18*r - 7. Let i be o(22). What is the greatest common divisor of i and 54?
27
Let h = 40 - -40. Calculate the greatest common divisor of 16 and h.
16
Let s = 23 - 12. Calculate the highest common factor of 55 and s.
11
Let h = 25 + -20. Suppose 2*w = 3*x + 35, -h*w + w + 5*x = -65. Suppose -18 = -3*b + 27. What is the greatest common factor of b and w?
5
Let s be 2 + -2 + 3/(-3). Let c be s/(-4) - (-24)/32. What is the highest common divisor of 9 and c?
1
Suppose 4*w = 14 + 26. What is the highest common divisor of w and 4?
2
Let g(w) = 2*w**2 - 3*w + 3. Let a be g(3). Suppose 3*z - a = -z. Calculate the highest common divisor of z and 9.
3
Suppose -3660 = -2*r - 3*r. Let u be (-3)/4 - r/(-16). What is the highest common factor of u and 9?
9
Let l = -3 + -35. Let g = -25 - l. Calculate the highest common divisor of g and 78.
13
Let n = 259 + -127. What is the greatest common divisor of 36 and n?
12
Let x(n) = n**2 + 20*n + 40. Let p be x(-19). Let j(t) = -3*t. Let s be j(-1). Calculate the highest common factor of s and p.
3
Let w = 14 - 6. Suppose -4*y - 4 = 4*l + 16, -11 = l + 3*y. Let f(v) = 7*v**2 + 3*v + 2. Let b be f(l). What is the highest common factor of w and b?
8
Suppose -3*h + 763 = 4. Calculate the highest common divisor of h and 23.
23
Let w = 1 - -2. Suppose -p - 4*q + 20 = 0, 17 + 2 = p + w*q. What is the greatest common factor of p and 40?
8
Suppose 0 = v, 72 = 5*w - 2*v - 48. What is the highest common divisor of w and 16?
8
Suppose -22 = -6*j - 4. Suppose 4*h = -0*w - 5*w + 53, 5*w = -j*h + 46. Suppose 0 = -c + 63 + 14. Calculate the greatest common factor of c and h.
7
Let p be ((-1)/2)/((-2)/40). Let w be (-5)/(-2)*(-8)/(-10). Suppose 5*r + 0*c - 158 = w*c, 0 = 5*r + 4*c - 134. Calculate the highest common divisor of r and p.
10
Let t = 75 - 60. Calculate the highest common factor of t and 30.
15
Let m be 3 + (-22)/(-4) - 5/10. What is the highest common factor of m and 8?
8
Suppose 2*r + r - 3*z - 12 = 0, -2*r + z = -8. Suppose -2*a = 2*f + 2 - 16, 0 = 2*f + r*a - 20. Let x = 52 - 8. What is the highest common factor of f and x?
4
Let m(c) = 3*c**3 + 3*c**2 + c + 4. Let k be m(3). Let l be (-4)/(-6) - 8/12. Suppose -46 = -y - l*y. Calculate the highest common divisor of y and k.
23
Suppose -3*i = -m + 2*i + 181, -5*i - 709 = -4*m. What is the highest common divisor of m and 16?
16
Let q be -104*(-3)/6*-2. Let z = 11 - q. Calculate the highest common divisor of z and 23.
23
Let v(j) = -2*j**3 + j**2 + 2*j + 4. Let c be v(-3). Let q = c + -37. What is the greatest common factor of q and 8?
8
Let d = 6 - 2. Suppose -206 = -5*m + d*p, -2 = -m + p + 39. Let w(q) = 3*q**2 - 3*q. Let z be w(2). What is the highest common factor of m and z?
6
Let p = -98 + 428. Suppose 3*c - p = -2*c. Calculate the highest common divisor of c and 22.
22
Let v = 163 - 73. Suppose 0 = -l - 2*l + 5*i + 86, 5*l - v = -5*i. Calculate the highest common divisor of l and 242.
22
Le